*i = 14*f - 154. Let x(r) = r**2 + r - 29160. Let d be x(0). Calculate the remainder when (d/(-85))/9 - (-4)/f is divided by 21.
17
Suppose -5*f - b + 375 = 0, -5*f + 616 - 211 = -5*b. Let l(g) = -149*g + g**3 + 81*g + f*g + 17 + 11*g**2. Calculate the remainder when l(-10) is divided by 19.
18
Suppose 946 = 3*x - i - 1047, 4*x - i - 2656 = 0. What is the remainder when x is divided by 4?
3
Suppose 5*k - 2079 = 1846. Let c = 790 - k. Calculate the remainder when 126 is divided by c.
1
Let b(k) = -k - 4. Let l(t) = t**2 + 21*t - 106. Let s(z) = 4*b(z) - l(z). What is the remainder when s(-25) is divided by 32?
26
Suppose 4*l - u = -2*l + 2523, -1212 = -3*l - 5*u. Calculate the remainder when l is divided by 136.
11
Suppose 120*u - 2052 = 102*u. Calculate the remainder when u is divided by 58.
56
Let w be 2 + (-8)/(-20) + (-608)/(-5). Let h = -133 + w. Let o = 28 + h. What is the remainder when 55 is divided by o?
17
Let r(j) = j**2 + 3*j - 9. What is the remainder when r(6) is divided by (-1 + (-8)/(-5))/(2/(50 - -10))?
9
Let p = 2135 - 1359. Calculate the remainder when 99 is divided by -5 - p/(-32) - 6/(-8).
19
Let k = 9870 - 9759. Let c(v) = v - 1. Let i be c(3). Suppose -k = -i*b + 19. Calculate the remainder when b is divided by 11.
10
What is the remainder when 1/(-5) - 1700400/(-750) is divided by 14?
13
Let z(v) = -187*v - 1667. Calculate the remainder when 287 is divided by z(-9).
15
Suppose 33 + 213 = h. Suppose 3*k = -l + h, -k + 482 = 6*l - 4*l. Suppose -12*r + l = -0*r. What is the remainder when r is divided by 8?
4
Suppose -r - b + 23 = 0, -4*r + 4*b + 10 + 82 = 0. Suppose 2*j - 171 = r. Calculate the remainder when j is divided by 30.
7
Let n = 11819 + -11803. Calculate the remainder when 2138 is divided by n.
10
Let x be (21 - 26)*(-22)/(-5). Let q be 6/10 + x/(-5). Suppose q*n - 126 = 264. Calculate the remainder when n is divided by 10.
8
Suppose l + 9 = 4*c - 7, -5*c = 4*l - 104. Let g(j) = -46*j - 1. What is the remainder when g(-2) is divided by l?
11
Suppose -270 - 318 = -2*w. Let f = w + -273. What is the remainder when f is divided by 5?
1
Let t(q) = q**3 - 6*q**2 + 7*q. Let j = 42 + -38. Suppose 33 = j*m + 9. Calculate the remainder when t(m) is divided by 16.
10
Let s(r) = -31*r**3 + r**2 - 3*r + 3. Let v be s(1). Let o = 44 + v. Calculate the remainder when 1 - ((5 - 4) + -23) is divided by o.
9
Let u = -5506 - -5873. What is the remainder when u is divided by 10?
7
Let y = -5297 - -5307. Let s = -25 - -58. What is the remainder when s is divided by y?
3
Let v = 950 - 818. Suppose -4*s = -3 + 31. What is the remainder when v is divided by (-19)/(-2)*(-10)/35*s?
18
Suppose -67*w - 451 + 2260 = 0. Suppose 20 = w*n - 34. What is the remainder when 1*1/(1/9) is divided by n?
1
Let x = -5278 - -5305. What is the remainder when 2952 is divided by x?
9
What is the remainder when (9 - 274)*21/(-35) is divided by 16?
15
Suppose 318 = 5*h + g, 0 = 2*h - 0*h + g - 129. What is the remainder when 563 is divided by h?
59
What is the remainder when 170 is divided by (21/(-28))/(-1 - (-46)/40) + 47?
2
Let s(r) = -26*r**3 - r**2 - 2*r - 3. Suppose 33*l - 1 = 34*l. What is the remainder when 67 is divided by s(l)?
19
Let p = 55 + -35. Suppose 20*s = 412*s - 17142 - 11866. What is the remainder when s is divided by p?
14
Let g(c) = -6*c**3 - 2*c**2 - 344*c - 1398. What is the remainder when 1117 is divided by g(-4)?
127
Suppose 308*h - 13*h = -69*h + 23296. What is the remainder when 439 is divided by h?
55
Suppose 0 = -5*g + 4*o - 9, 4*g + 5*o = -0*o + 1. Suppose -15*m + 168 = -8*m. Calculate the remainder when g + 3 - -34*2 is divided by m.
22
Let f(h) = -9 + 20*h - 22*h**3 + 19*h**2 - 3*h + 24*h**3 - 14. What is the remainder when f(-8) is divided by 14?
5
Let s(g) = g**3 - 17*g**2 - 107*g - 39. Let m = 110 + 104. What is the remainder when m is divided by s(22)?
25
Suppose 6*y - 8 = 8*y, -2*s + 3*y = -16. Suppose 4*c = -5*k + 7*c + 122, -s*k - 5*c = -55. What is the remainder when 1599 is divided by k?
24
What is the remainder when -3*(-5 + 260/(-15)) is divided by (0 + -1*2)/(30/(-255))?
16
Suppose -2*i + l + 240 = 0, 16*l - 19*l + 378 = 3*i. What is the remainder when i is divided by 68?
54
Let g(j) = -j**2 - 36*j + 79. What is the remainder when 298 is divided by g(-36)?
61
Let j(s) = -4*s**3 - 2*s - 4. Let t be j(-2). Suppose g + 0*q - q = 2, -4*g + t = 2*q. Let l(c) = c**2 + 1. Calculate the remainder when l(3) is divided by g.
4
What is the remainder when (-3 + -985)/(-4 + (2 - 1) - -2) is divided by 220?
108
Suppose 4*p - 104240 = v, -5*p = -136*v + 131*v - 130285. Calculate the remainder when p is divided by 12.
9
Suppose 5*x + 157 = -m, -5*m + 21*x - 897 = 18*x. Let y = m + 193. Calculate the remainder when y is divided by 6.
4
Let x = -24226 - -24421. Calculate the remainder when 1135 is divided by x.
160
What is the remainder when 479 is divided by 116/(-145)*-56*(10/4)/1?
31
Suppose 105 = -2*r + 7*r. Suppose 27*s = -64*s. Suppose s = 2*w - 4*i - 10 - 16, -6*i = -2*w + 30. What is the remainder when r is divided by w?
3
Let w(q) = -30*q**3 + q**2 - q - 1. Let a(p) = -5*p**2 - 476*p - 5610. Calculate the remainder when a(-14) is divided by w(-1).
12
Suppose 771 = 247*y - 21953. What is the remainder when 1100 is divided by y?
88
Let a = -78 - -142. Let m = 696 + -670. Calculate the remainder when a is divided by m.
12
Let o be (((-1)/2)/(-1))/((-6)/(-1344)). Suppose 6*k = 388 - o. What is the remainder when 89 is divided by k?
43
Suppose 5*i - 10214 = s, 4*i + s + 4425 - 12589 = 0. What is the remainder when i is divided by 127?
10
Let l(f) = 5*f**3 - 6*f**2 - 4*f - 15. Let y be l(5). Suppose 0*m = -4*m + y. Calculate the remainder when m is divided by 16.
14
Suppose -w + 3 = 3*g, 0 = -2*w - 4*g + 5*g + 27. Let o(i) = 3*i + 33. Let x = -10 + 22. Calculate the remainder when o(w) is divided by x.
9
Let p(o) = 8885*o**2 - 10*o - 17. What is the remainder when p(-1) is divided by 15?
13
Suppose 4*t + 4*s = 284, 3*s - 12 = 5*t - 391. Suppose 2*l + 130 = 21*q - 18*q, -2*l = -5*q + 210. Calculate the remainder when t is divided by q.
34
Suppose 2*c + 38 - 6 = 3*i, 2*i - c = 20. Suppose -7*z - 41 = -3*j - i*z, 0 = 4*z - 8. What is the remainder when 75 is divided by j?
10
Suppose m + m + 34 = 0. Let y(d) be the second derivative of d**4/12 + 13*d**3/6 - 10*d**2 - 4*d. What is the remainder when 141 is divided by y(m)?
45
Suppose 4286 = -5*t + 2*a, -4*t + 2*a + a = 3433. Let i = t + 881. What is the remainder when 43 is divided by i?
18
Let p(l) = 480*l - 918. Calculate the remainder when 126 is divided by p(2).
0
Let c be 0*((-1)/3 + 2 + -2). Suppose -3*j = -c*j - a - 81, j = 2*a + 27. Calculate the remainder when j is divided by 5*(2 + 1/(-1)).
2
Let z = -17 - -22. Suppose 0 = 5*g - 4*s - 322, 4*s - 336 = -z*g + s. Suppose 7*v - g = 4*v. Calculate the remainder when v is divided by 5.
2
Calculate the remainder when 136 is divided by (-250)/(((-208)/364)/(4/14)).
11
Suppose -4*i + 20 = -5*u + 4*u, -4*i = 3*u - 20. Suppose 3*f + 15 - 18 = u. Suppose w + f = 18. Calculate the remainder when 45 is divided by w.
11
Let y = -1706 - -3155. Calculate the remainder when ((-4)/(-2))/(y/(-291) - -5) is divided by 21.
13
What is the remainder when 1532 is divided by -1 - (-11 + 160/8 + -99)?
19
Let p(l) = 5*l**2 + 109*l + 32. What is the remainder when p(-27) is divided by 49?
48
Suppose -361*x + 160 = -341*x. Suppose x*a - 150 = -126. Calculate the remainder when 16 is divided by a.
1
Suppose s + 13 = 14*s. Let f be 1 - s*10/(-5). Suppose -2*i + 12 = -4*o - 16, -o + 42 = f*i. Calculate the remainder when 54 is divided by i.
12
Calculate the remainder when (196/14)/((-12)/(-21)*(-5)/(-50)) is divided by 236.
9
Let r be 5796/156 + (15/(-13) - -1). Let o = 40 - r. Suppose -2*j + 109 = c, j - o*j = -c + 117. What is the remainder when c is divided by 29?
26
Suppose 2*i = -94 + 270. Calculate the remainder when ((-66)/i)/(1/(-20)) is divided by 5/20*(8 - 0).
1
Let t(h) = -7*h + 7. Let n(d) = -3*d - 45. Let r be n(-15). Calculate the remainder when 95 is divided by t(r).
4
Suppose 9*u - 9 = 6*u. Suppose -u*c + 119 = -31. Let r = c + -40. Calculate the remainder when 47 is divided by r.
7
Let b = 32 + -4. Let y = 91 - b. Let q = 116 - y. C